{"id":52,"date":"2014-01-07T11:31:13","date_gmt":"2014-01-07T09:31:13","guid":{"rendered":"http:\/\/schmidt-text.de\/marketing\/?page_id=52"},"modified":"2016-07-20T13:46:29","modified_gmt":"2016-07-20T12:46:29","slug":"impressum","status":"publish","type":"page","link":"https:\/\/schmidt-text.de\/marketing\/impressum\/","title":{"rendered":"Impressum"},"content":{"rendered":"<p>MICHAEL SCHMIDT Text |\u00a0Konzeption<br \/>\nEinzelunternehmen<br \/>\nDipl.-Ing. Michael Schmidt<br \/>\nLewickistra\u00dfe 55b,\u00a0 01279 Dresden<\/p>\n<p>Konzeption\/Text\/Illustration: Michael Schmidt<br \/>\nKonfiguration CMS\/CSS: <a href=\"http:\/\/webdesign.gundelfisch.de\/\" target=\"_blank\">gundelfisch<\/a><\/p>\n<p>(C) 2016<\/p>\n<p>Haftungshinweis:<\/p>\n<p>Trotz sorgf\u00e4ltiger inhaltlicher Kontrolle \u00fcbernehme ich keine Haftung f\u00fcr die Inhalte externer Links. F\u00fcr den Inhalt der verlinkten Seiten sind ausschlie\u00dflich deren Betreiber verantwortlich.<\/p>\n","protected":false},"excerpt":{"rendered":"<p>MICHAEL SCHMIDT Text |\u00a0Konzeption Einzelunternehmen Dipl.-Ing. Michael Schmidt Lewickistra\u00dfe 55b,\u00a0 01279 Dresden Konzeption\/Text\/Illustration: Michael Schmidt Konfiguration CMS\/CSS: gundelfisch (C) 2016 Haftungshinweis: Trotz sorgf\u00e4ltiger inhaltlicher Kontrolle \u00fcbernehme ich keine Haftung f\u00fcr die Inhalte externer Links. F\u00fcr den Inhalt der verlinkten Seiten sind ausschlie\u00dflich deren Betreiber verantwortlich.<\/p>\n","protected":false},"author":2,"featured_media":0,"parent":0,"menu_order":10,"comment_status":"closed","ping_status":"closed","template":"","meta":{"footnotes":""},"class_list":["post-52","page","type-page","status-publish","hentry"],"_links":{"self":[{"href":"https:\/\/schmidt-text.de\/marketing\/wp-json\/wp\/v2\/pages\/52","targetHints":{"allow":["GET"]}}],"collection":[{"href":"https:\/\/schmidt-text.de\/marketing\/wp-json\/wp\/v2\/pages"}],"about":[{"href":"https:\/\/schmidt-text.de\/marketing\/wp-json\/wp\/v2\/types\/page"}],"author":[{"embeddable":true,"href":"https:\/\/schmidt-text.de\/marketing\/wp-json\/wp\/v2\/users\/2"}],"replies":[{"embeddable":true,"href":"https:\/\/schmidt-text.de\/marketing\/wp-json\/wp\/v2\/comments?post=52"}],"version-history":[{"count":6,"href":"https:\/\/schmidt-text.de\/marketing\/wp-json\/wp\/v2\/pages\/52\/revisions"}],"predecessor-version":[{"id":553,"href":"https:\/\/schmidt-text.de\/marketing\/wp-json\/wp\/v2\/pages\/52\/revisions\/553"}],"wp:attachment":[{"href":"https:\/\/schmidt-text.de\/marketing\/wp-json\/wp\/v2\/media?parent=52"}],"curies":[{"name":"wp","href":"https:\/\/api.w.org\/{rel}","templated":true}]}}