{"id":561,"date":"2016-08-20T14:14:15","date_gmt":"2016-08-20T13:14:15","guid":{"rendered":"http:\/\/schmidt-text.de\/marketing\/?page_id=561"},"modified":"2024-06-21T11:47:29","modified_gmt":"2024-06-21T10:47:29","slug":"pewo","status":"publish","type":"page","link":"https:\/\/schmidt-text.de\/marketing\/referenzen\/pewo\/","title":{"rendered":"PEWO Energietechnik"},"content":{"rendered":"<h2>PEWO Energietechnik<\/h2>\n<p>Das Unternehmen aus dem s\u00e4chsischen Elsterheide entwickelt und produziert W\u00e4rmetechnik f\u00fcr Geb\u00e4ude. Es z\u00e4hlt zu den Vorreitern der Energiewende im Geb\u00e4udew\u00e4rme-Sektor. Michael Schmidt versucht, die schwierig zu verstehenden Produkte verkaufsfreundlich zu beschreiben. Erstes Projekt war die Markteinf\u00fchrungskampagne f\u00fcr eine Trinkwasser-Erw\u00e4rmungsanlage mit innovativem Legionellenschutz. Basismedium wurde eine <a href=\"http:\/\/www.achtung-duschkopf.de\">Microsite<\/a> f\u00fcr das Produkt. Michael Schmidt lieferte Konzept, Sitemap und Text-Bild-Manuskript. Es folgten viele weitere Projekte, darunter eines zur Markenpositionierung, eine Recruiting-Kampagne und der Content der neuen Website des Unternehmens.<\/p>\n<p>Grafik: HeydeDesign, Jens Moldenhauer Kommunikationsdesign, Herbstwest<\/p>\n<p><a href=\"https:\/\/schmidt-text.de\/marketing\/wp-content\/uploads\/Bildschirmfoto-2024-06-21-um-09.52.04.png\"><img loading=\"lazy\" decoding=\"async\" class=\"alignnone wp-image-806\" title=\"Bildschirmfoto 2024-06-21 um 09.52.04\" src=\"https:\/\/schmidt-text.de\/marketing\/wp-content\/uploads\/Bildschirmfoto-2024-06-21-um-09.52.04-300x148.png\" alt=\"\" width=\"405\" height=\"200\" srcset=\"https:\/\/schmidt-text.de\/marketing\/wp-content\/uploads\/Bildschirmfoto-2024-06-21-um-09.52.04-300x148.png 300w, https:\/\/schmidt-text.de\/marketing\/wp-content\/uploads\/Bildschirmfoto-2024-06-21-um-09.52.04-700x345.png 700w, https:\/\/schmidt-text.de\/marketing\/wp-content\/uploads\/Bildschirmfoto-2024-06-21-um-09.52.04-768x379.png 768w, https:\/\/schmidt-text.de\/marketing\/wp-content\/uploads\/Bildschirmfoto-2024-06-21-um-09.52.04-1536x758.png 1536w, https:\/\/schmidt-text.de\/marketing\/wp-content\/uploads\/Bildschirmfoto-2024-06-21-um-09.52.04-800x395.png 800w, https:\/\/schmidt-text.de\/marketing\/wp-content\/uploads\/Bildschirmfoto-2024-06-21-um-09.52.04.png 1705w\" sizes=\"auto, (max-width: 405px) 100vw, 405px\" \/><\/a><\/p>\n","protected":false},"excerpt":{"rendered":"<p>PEWO Energietechnik Das Unternehmen aus dem s\u00e4chsischen Elsterheide entwickelt und produziert W\u00e4rmetechnik f\u00fcr Geb\u00e4ude. Es z\u00e4hlt zu den Vorreitern der Energiewende im Geb\u00e4udew\u00e4rme-Sektor. Michael Schmidt versucht, die schwierig zu verstehenden Produkte verkaufsfreundlich zu beschreiben. Erstes Projekt war die Markteinf\u00fchrungskampagne f\u00fcr eine Trinkwasser-Erw\u00e4rmungsanlage mit innovativem Legionellenschutz. Basismedium wurde eine Microsite f\u00fcr das Produkt. Michael Schmidt lieferte&#8230;<\/p>\n","protected":false},"author":2,"featured_media":0,"parent":129,"menu_order":0,"comment_status":"closed","ping_status":"closed","template":"","meta":{"footnotes":""},"class_list":["post-561","page","type-page","status-publish","hentry"],"_links":{"self":[{"href":"https:\/\/schmidt-text.de\/marketing\/wp-json\/wp\/v2\/pages\/561","targetHints":{"allow":["GET"]}}],"collection":[{"href":"https:\/\/schmidt-text.de\/marketing\/wp-json\/wp\/v2\/pages"}],"about":[{"href":"https:\/\/schmidt-text.de\/marketing\/wp-json\/wp\/v2\/types\/page"}],"author":[{"embeddable":true,"href":"https:\/\/schmidt-text.de\/marketing\/wp-json\/wp\/v2\/users\/2"}],"replies":[{"embeddable":true,"href":"https:\/\/schmidt-text.de\/marketing\/wp-json\/wp\/v2\/comments?post=561"}],"version-history":[{"count":4,"href":"https:\/\/schmidt-text.de\/marketing\/wp-json\/wp\/v2\/pages\/561\/revisions"}],"predecessor-version":[{"id":828,"href":"https:\/\/schmidt-text.de\/marketing\/wp-json\/wp\/v2\/pages\/561\/revisions\/828"}],"up":[{"embeddable":true,"href":"https:\/\/schmidt-text.de\/marketing\/wp-json\/wp\/v2\/pages\/129"}],"wp:attachment":[{"href":"https:\/\/schmidt-text.de\/marketing\/wp-json\/wp\/v2\/media?parent=561"}],"curies":[{"name":"wp","href":"https:\/\/api.w.org\/{rel}","templated":true}]}}